6 = -2*u, 1001243 = 3*u + 2*q + 297194. Is u a prime number?
True
Let l(h) = h**2 - 9*h + 15. Let d be l(4). Let y(p) = 10*p + 50. Let i be y(d). Suppose i = -4*z - c + 5608, 2*z + 3*c - 2414 - 380 = 0. Is z prime?
False
Suppose 4780963 + 8743687 = -32*q + 82*q. Is q a prime number?
True
Let s(k) = 5*k**3 + 2*k**2 - 15*k + 9. Let l be s(6). Suppose -l + 16307 = 26*p. Is p prime?
False
Suppose 0 = q + 5*t - 1029 - 3357, 3*q - 4*t = 13253. Let z = 1108 + q. Is z a prime number?
True
Let g(m) = -6843*m + 425. Is g(-12) a composite number?
True
Let v(n) be the third derivative of -147*n**4/4 + 7*n**3/6 - 4*n**2. Let d be (-15)/10*8/12. Is v(d) prime?
False
Let q(o) = 612*o**2 - 109*o + 24. Is q(-13) prime?
True
Suppose 6 = 2*q - 0*q. Let h(n) = -23*n**2 - 112*n + 15. Let t be h(-5). Suppose -2231 = -q*d - a, t = -d + 4*d + 4*a - 2237. Is d a composite number?
False
Suppose -269*f = -220*f - 10792201. Is f composite?
True
Let f = -43 - -50. Let z(l) = 5*l + 2*l**3 - 8*l**2 + 2*l + 9 - 2*l + 5*l. Is z(f) composite?
False
Suppose 4*n - 1931603 = -4*d - 694075, n = 3*d - 928174. Is d a prime number?
False
Let o be 117/195 - 3/5. Suppose o*l - 27570 = -6*l. Is l composite?
True
Let r(b) be the first derivative of 93*b**2 + 111*b + 71. Is r(5) composite?
True
Suppose -2*w + 507278 = 4*g, g - 126788 = -36*w + 31*w. Is g composite?
False
Suppose 735582 = 11*l + 10*l - 15*l. Is l a prime number?
True
Let f(n) = -15*n + 9. Let z be f(-4). Suppose -67*x + z*x = 36434. Is x prime?
True
Let f = -1488559 + 2589536. Is f a prime number?
True
Suppose -10*n + 18*n = -8. Let y be (-6)/9 + n/3*-14. Suppose 2*t + 2*i - 854 = -0*t, 4*t - y*i = 1708. Is t composite?
True
Let y = 230 - 157. Let c = 73 - y. Suppose c*t + t - 58 = 0. Is t a composite number?
True
Let c(u) = -u**3 + 13*u**2 + u - 14. Suppose 2*r = 4*i + 4*r + 8, 0 = 3*i + 3*r + 3. Let j be (-1 - 2 - 3 - -3)*i. Is c(j) composite?
True
Is -3*((-5)/(-10) + (-22033)/6) prime?
False
Let b(h) = 87*h - 230. Let y be b(-22). Let d = 743 - y. Is d prime?
True
Let v = 200157 - 32764. Is v prime?
True
Let r(c) = -91*c - 2. Let f be r(1). Let n = 98 + f. Suppose -n*v - 5*w = -2400, -4*v + 1911 = -0*v - 5*w. Is v a prime number?
True
Suppose -h - 3*h = 5*o + 24, 0 = -3*h - 2*o - 18. Let a(c) = 10*c**2 - 5*c**2 + 0 - 5*c + 1 + 3 + 9. Is a(h) a composite number?
False
Is 12/(-10) - 17310766/(-230) a composite number?
True
Let b(o) = 11462*o**3 - 5*o**2 + 9*o - 3. Is b(1) composite?
True
Let v(s) = 62 - 915*s - 56 - 340*s. Is v(-1) a composite number?
True
Suppose -17345802 = -202*n + 5169724. Is n a prime number?
False
Suppose j - 13547 = o, 2*j - 6555 = o + 20544. Let c = j - 7779. Is c prime?
False
Suppose -3*c + 108 - 738 = 3*b, 0 = -2*c + 2*b - 420. Let o = 3283 + c. Is o a composite number?
True
Let y(v) = v**3 - 12*v**2 + 15*v - 2. Let h be y(10). Let q be 16822/h + ((-18)/(-4))/(-3). Let s = q + 536. Is s composite?
False
Is (29854242/(-8))/(-3) - 5/(-20) composite?
False
Suppose -5*y + p = -0*p + 1920, 4*p + 1152 = -3*y. Let w = y + 1453. Is w a composite number?
False
Let n(b) = b**3 - 6*b**2 - 4*b + 59. Let u be n(5). Suppose u*d = 91718 + 47456. Is d a composite number?
False
Let u(g) = -g + 2. Let b(w) = 85*w - 91. Let a(o) = b(o) - 3*u(o). Is a(21) a composite number?
True
Let o(a) = a**3 - 28*a**2 + 34*a + 8. Let f be o(32). Suppose 16207 = 5*z + f. Is z composite?
False
Let i(l) = 23*l - 65. Let t be i(3). Suppose 4*v + 7*k = t*k + 5452, 4*v - 5*k = 5452. Is v composite?
True
Suppose -22 + 22 = -5*p. Suppose p = -4*l + 5*l - 3457. Suppose 4*y - l + 509 = 0. Is y a prime number?
False
Let u = -192 + 190. Let j(v) = 598*v**2 + 2*v + 7. Is j(u) a prime number?
False
Let f = -4169 + -5123. Let c = 16741 + f. Suppose -c = -m - 2*m. Is m a prime number?
False
Let t = 10894 + 14367. Is t a prime number?
True
Suppose 4*m + 5 = 17. Let x(l) = l**3 + 10*l**2 - 11*l + 3. Let f be x(-11). Suppose -5*g + g + 857 = -m*y, -3*g - f*y + 669 = 0. Is g composite?
True
Let c = 52 + -58. Let q(t) = -54*t**2 + 9*t + 5. Let r be q(c). Let b = 1666 - r. Is b a composite number?
False
Suppose 259*x + 32 = 267*x. Suppose b - x*b + 67623 = 0. Is b composite?
False
Let g(t) = -142*t**2 + 6*t + 5. Let r(b) = -569*b**2 + 25*b + 20. Let n(m) = -9*g(m) + 2*r(m). Let a be n(4). Suppose 6*p + p = a. Is p a composite number?
False
Let c(d) = -d**2 - 4*d + 3. Let i be c(0). Is i/((-42)/4) - (-192075)/105 a composite number?
True
Let u(n) = -96*n - 95. Let w(a) = 17*a + 411. Let v be w(-27). Is u(v) a prime number?
True
Let i be 6*(-9220)/(-8)*(-5)/25. Let l = -394 - i. Is l prime?
False
Let i = 139 + -139. Suppose i = 20*k - 5*k - 18735. Is k prime?
True
Suppose 0*r - 89*r - 76*r + 21892695 = 0. Is r composite?
True
Let m(i) = -605*i**3 + 2*i**2 + i - 10. Let x be m(-2). Suppose -14*f + x + 18866 = 0. Is f composite?
False
Is (2 + 3825879/15)/((-192)/(-320)) prime?
True
Let x(t) = -95325*t + 4814. Is x(-77) composite?
False
Let y(n) = 117*n**2 - 2*n + 15. Let a be y(-3). Is (-1)/(4/a*(-15)/10) a composite number?
False
Suppose 0 = 5*d + 20, a - 3*d + 55 = -2*d. Let k = -54 - a. Suppose 1486 = 2*l - 0*l - k*f, f = l - 749. Is l prime?
False
Let q = 42359 + -1308. Is q prime?
True
Let w(m) = 17 - 396*m + 22 - 1 - 13. Is w(-13) prime?
False
Let j be -9*11/(-33) + (-113099 - 0). Is (-1 - 0)/(j/(-56552) + -2) prime?
True
Is (217769/(-236))/((2/1)/(-8)) composite?
False
Suppose 3*y - 2472 = -3*y. Suppose -f - 3*f = -y. Is f*2 - (-21)/(-7) a prime number?
False
Let p be (5/10)/(1 + (-21)/24). Suppose 0*b + 931 = 5*b + p*g, -5*g - 753 = -4*b. Is b a composite number?
True
Suppose -q + 7*q = -152358. Let g = -17800 - q. Is g composite?
True
Suppose 0 = 4*t + 3*q + 924 - 15068, 0 = 2*t - 3*q - 7090. Let c = t + -1762. Is c prime?
True
Suppose -4*w = 4*z - 20, 17*z - 12*z - 5*w = 5. Is ((-14116)/(-6) - -1)*z composite?
True
Let h(s) be the third derivative of 0*s + 3/2*s**3 + 0 - 13*s**2 + 16/3*s**4. Is h(5) a composite number?
True
Is -13 - 24297/(-26)*788 prime?
False
Let d = -566 + 984. Let u = -237 + d. Let y = u - -198. Is y a composite number?
False
Let l = -7656 - -34895. Is l prime?
True
Suppose 7*u + q = 1327502, 5*u - 1351162 = 2*q - 402949. Is u prime?
True
Let x be ((-56)/(-6))/(11/(-825)). Let d = 4969 - x. Is d a composite number?
False
Let l(m) = m + 19. Let x be l(-14). Suppose -109*w + 110*w - x = 0. Suppose w*o = 4*o + 2827. Is o a composite number?
True
Suppose 79 = 7*u + 2. Let c = 4 + u. Is -3 + (-140)/c*-66 composite?
False
Let r be 1/(-7) + 7792/56. Suppose 2*v - 375 + r = 4*i, -i + 490 = 4*v. Is v composite?
True
Let o(x) = x**3 - 5*x**2 - 20*x + 5. Let t(b) = -2*b**2 + 22*b - 26. Let h be t(9). Is o(h) a prime number?
False
Let f be 0/(8/(-4 + 0)). Suppose 5*o - 3*l - 297 = f, 0 = -4*o + 8*o + 2*l - 242. Suppose o = t - 127. Is t a composite number?
True
Let s(o) = o**3 - 6*o**2 + 4. Let r be s(6). Suppose 2*p = -n + r*p + 4259, 0 = -4*p + 16. Is n a prime number?
False
Is (32 + 14)*(3 + -5*(-3398)/4) a prime number?
False
Let v be 0*(-15)/(-10)*(-1)/(-3). Suppose -4*t - 2*q + 23108 = v, -4*t + 2*q + 19889 = -3235. Is t a composite number?
False
Let y = -9537 - -191648. Suppose y = 8*p + 62759. Is p a prime number?
False
Suppose 45*n = 47*n. Let h be 12/(-9)*(-3)/2. Is n + (-2 - -3) + h + 80 composite?
False
Let o(a) be the first derivative of -13*a - 2/3*a**3 - 6*a**2 + 1/4*a**4 - 8. Is o(10) composite?
True
Let x(b) = 7*b - 4. Let y be x(-2). Let a = y - -22. Is 27/18 - (-1486)/a a composite number?
False
Suppose u - 81454 = -18*x + 14*x, -4*x = 16. Is ((-28)/(-70))/(4/u) prime?
True
Let h(r) be the first derivative of 682*r**3/3 - 9*r**2/2 - 26*r + 59. Is h(-3) composite?
True
Let w(z) = -585*z**3 + 8*z**2 + 2. Is w(-5) a composite number?
False
Let g(t) = 167156*t - 615. Is g(4) prime?
True
Let a = 10608 - 1598. Let l = -5645 + a. Is l composite?
True
Suppose 0 = -x - 6*x - 840. Let o = x - -65. Let u = 204 + o. Is u prime?
True
Suppose -128*n - 41*n + 30509072 = 7*n. Is n prime?
True
Let s = 7237 - 1854. Is -1 + 2 - (3 - s) prime?
True
Let v(s) = -s - 18. Let g be v(-9). Let z = g + 13. Suppose z*u - u = 2037. Is u prime?
False
Let z(r) = -r**2 - r + 1. Let u(q) = 10*q**3 + 18*q**2 - 14*q - 7. Let n(i) = u(i) + 6*z(i)